mmon divisor of 6 and f.
6
Suppose 0 = 966*v - 967*v + 609. Calculate the highest common divisor of v and 29.
29
Let d = 888 - 478. What is the greatest common divisor of 10 and d?
10
Let g be (-37)/(-2) + (-3)/2. Let t(p) = 11*p + 6. Let m be t(1). Calculate the highest common divisor of m and g.
17
Suppose -32 - 166 = -3*h. What is the highest common divisor of 110 and h?
22
Let i = -9 - -12. Suppose -w - 5*g = w - 44, -2*w = i*g - 36. Let k be 63 + 2 - (1 + 4). What is the greatest common divisor of k and w?
12
Let i be ((6776/(-55))/14)/((-4)/70). What is the greatest common factor of i and 70?
14
Let k(q) = -2*q + 6. Let g be k(-11). Suppose 0 = p + 5*c - 298, -c = -4*p - 462 + 1696. What is the highest common divisor of p and g?
28
Suppose 10 = 5*z - 2*d - 23, -3*d = -z + 17. Suppose -6*k - z = -77. Calculate the greatest common divisor of k and 24.
12
Suppose 0 = 2*j + j. Let h(r) = r + 13. Let z be h(j). Suppose 3*d = -o + 3*o + 113, 5*d - 2*o - 191 = 0. Calculate the greatest common factor of z and d.
13
Let s(d) = d + 6. Let k be s(-4). Let x = k + 79. Let j = 11 + -2. Calculate the highest common divisor of x and j.
9
Let l = 81 + -72. Suppose 7*h + 2*h = l. What is the highest common divisor of 7 and h?
1
Suppose 4745 = -22*k + 27*k. Calculate the greatest common divisor of 73 and k.
73
Let i(v) = -v**3 - 5*v**2 - v - 3. Let t be i(-6). Let x be 31/3 + 6/(-18). Let j(k) = k + 3. Let r be j(x). Calculate the greatest common divisor of r and t.
13
Let n be (3/12)/((-3)/(-36)). Suppose -4*c + c = -g + 15, -n*c + 60 = 4*g. Calculate the greatest common factor of 10 and g.
5
Suppose 17*d - 21*d = -1540. Calculate the greatest common factor of d and 77.
77
Let j = 54 + -59. Let s(z) = 2*z**2 + 10*z + 18. Let a be s(j). What is the highest common factor of 90 and a?
18
Let a = 29 + 19. Let o be (9 - 1)*8/(0 + 4). Calculate the highest common factor of a and o.
16
Let m = 812 - 576. Suppose m - 38 = 11*z. Calculate the highest common factor of 36 and z.
18
Let w be (31 + -967)*(-2 - (-6)/4). Calculate the greatest common factor of w and 36.
36
Suppose p = -p + 6. Let q(o) = 161*o - 2. Let x be q(2). Suppose -2*y + x = p*y. What is the highest common factor of 96 and y?
32
Suppose p - 3354 = -3*h + 4*p, -4*h + 5*p = -4477. What is the greatest common factor of h and 21?
21
Let i = 2128 + -2124. Calculate the highest common factor of i and 4.
4
Suppose 640 = -10*q + 26*q. What is the greatest common factor of q and 104?
8
Let h(y) = 2*y**3 - 9*y**2 + 10*y - 8. Let o be h(5). Let f = -53 + o. What is the greatest common factor of 7 and f?
7
Suppose -12*j + 117 = -39. Suppose -37 = -n - 11. What is the highest common divisor of j and n?
13
Let v = 7 - 0. Suppose -z = -w + 11, -11 - v = -2*w + 3*z. What is the greatest common divisor of 105 and w?
15
Suppose 5*q - 130 - 170 = 0. What is the highest common factor of 70 and q?
10
Let i = -855 + 891. Calculate the greatest common divisor of 228 and i.
12
Let z = 1582 - -3510. What is the highest common factor of 76 and z?
76
Let h be (-1 - -241) + -3 + (-9)/3. Calculate the greatest common factor of h and 26.
26
Let b be 1/(-2)*-2 - -2. Suppose -119 - 91 = -2*c. Suppose 0 = 2*q + 3*q - c. What is the greatest common factor of b and q?
3
Let x be (-4)/(-4)*12/3. Let h(v) = -2*v + 4. Let u(q) = -q + 3. Let c(i) = x*h(i) - 5*u(i). Let d be c(-3). Calculate the highest common factor of 25 and d.
5
Suppose -f = 3*f. Suppose 5*z = -f*z - 10. Let x be (-536)/(-10) - z/5. What is the greatest common divisor of 6 and x?
6
Let w = 134 - 92. Calculate the highest common divisor of w and 1050.
42
Let w = 205 + -202. Calculate the greatest common divisor of w and 75.
3
Let t(h) = 2*h + 38. Let m(r) = r**3 + 7*r**2 - 3*r - 5. Let z be m(-7). Let i be t(z). Calculate the highest common factor of i and 10.
10
Let p be 2/10 - ((-112)/(-10))/(-4). Suppose -5*l - 3*i + 60 = -p*l, 3*l - 90 = 3*i. What is the highest common divisor of l and 75?
15
Let l(o) = o**2 - o + 4. Let r be l(6). Let h = -28 + r. Calculate the highest common divisor of 15 and h.
3
Suppose -5*v + 550 = 5*z, z + 0*z - 112 = -2*v. Suppose -15*h + 242 = -163. Calculate the highest common divisor of h and z.
27
Suppose 15 = 5*m + j, -m - 3*m - j = -13. Suppose 735 = -m*n + 9*n. Calculate the greatest common divisor of 15 and n.
15
Suppose 7*x = 2*x - 2*q + 33, 9 = x + q. Suppose 688 = 2*s + s - x*g, 4*s = 2*g + 922. Calculate the greatest common factor of s and 21.
21
Let g(u) = -u**3 + 17*u**2 + 117*u - 28. Let s be g(22). Calculate the greatest common factor of 7 and s.
7
Suppose 113 = 22*n - 107. What is the highest common divisor of n and 15?
5
Suppose 0 = -r + 3*v + 73 - 0, -55 = -r - 3*v. Suppose 32 = 3*w + w. Calculate the highest common factor of r and w.
8
Suppose 5*n = 3*g + 177 - 31, n - 22 = 3*g. Suppose -88 + 26 = -c. What is the highest common factor of c and n?
31
Suppose -4157 = -33*n - 692. What is the highest common factor of n and 120?
15
Suppose -90 = -3*x + x. Let t = -139 - -144. Suppose 0 = -5*u + 5*d, t*u + d - 26 = 4. Calculate the highest common divisor of u and x.
5
Let o be 68/(-51)*-9*1. Suppose 3*v - 176 = 2*h, -v + 5*h + 31 = -19. What is the highest common divisor of o and v?
12
Let i(l) = -37*l - 229. Let f be i(-9). Calculate the greatest common divisor of 8 and f.
8
Let d be (886/18 - 5) + (-4)/18. Suppose 0*f + 24 = 4*f. Let c(y) = y**2 - 4*y - 8. Let i be c(f). Calculate the highest common factor of d and i.
4
Let c be 2 + -6*(-12)/8. Let q be 2/(-4) + 134/4. What is the greatest common divisor of q and c?
11
Suppose -33*w - 2711 = -9839. What is the highest common factor of w and 64?
8
Let n(s) = 2*s - 8. Let t(d) = -d**2 - 3*d + 9. Let h(p) = -6*n(p) - 5*t(p). Let j be h(-6). Suppose m + j = 6*m. What is the highest common factor of m and 22?
11
Let x be (-1)/(4/(-16)) + 5. Let y(h) = -h**3 - 2*h**2 - 4*h - 3. Let i be y(-3). What is the greatest common factor of i and x?
9
Suppose 3*x - 28 - 38 = 0. What is the highest common divisor of 33 and x?
11
Let b(p) = 45*p - 4. Let c be b(4). Suppose -3*r = -3*z + 6*z - 21, -z + 55 = 5*r. Let j = 4 + r. What is the highest common factor of j and c?
16
Let x(z) = z + 3. Let t be x(9). Suppose m = u + 38, 5*u - m - 35 + 241 = 0. Let w = -18 - u. Calculate the greatest common factor of w and t.
12
Let u = 75 + -70. Suppose -2*i + 7 = u*i. Suppose 0 = -2*p + p + 2. Calculate the greatest common divisor of p and i.
1
Suppose 2*l = 4*g + 27 + 41, 147 = 4*l + 3*g. What is the greatest common divisor of 198 and l?
18
Let g be ((-44)/6)/((-1)/3). Let w = 3 - -12. Suppose -w = -4*j + 2*i + 1, 2*j + 12 = -4*i. What is the greatest common factor of g and j?
2
Suppose 288 - 36 = b. Suppose 0 = 2*n - 5*n + b. What is the highest common factor of n and 12?
12
Let t be -5 - (-9 - -4)/(-5). Let c be t*-10*6/4. What is the greatest common factor of 18 and c?
18
Suppose 22*p = 188 + 10. Calculate the greatest common divisor of 333 and p.
9
Let t be 19 + 1/((-3)/9). Suppose -k = k + t. Let p = k + 12. Calculate the greatest common divisor of 12 and p.
4
Let o = -82 + 135. What is the greatest common factor of o and 424?
53
Suppose -34 = -3*a + 4*a. Let z = 27 + a. Let k be ((-1)/2)/(z/252). Calculate the greatest common factor of k and 9.
9
Let q be (-152)/10 - (-3)/15. Let u = -5 - q. Let o be 26796/385 + 2/5. What is the highest common factor of u and o?
10
Let g(m) = 3*m**2 - 90*m + 44. Let z be g(30). Calculate the greatest common divisor of z and 110.
22
Let k be (-5 + 11)/(6/3). Suppose -2*j - 4*l = -236, -4*j + l = -k*l - 520. Calculate the highest common divisor of j and 18.
18
Suppose 0 = -232*r + 228*r + 20. What is the greatest common divisor of r and 65?
5
Let r(w) = -w**3 - 7*w**2 + 3*w + 7. Let h be r(-7). Suppose 36 = -6*s + 3*s. Let l = s - h. What is the highest common factor of 2 and l?
2
Let v(x) = x**2 + 2*x - 9. Let u be v(9). Let i = u - 66. What is the highest common divisor of 24 and i?
24
Suppose 3*n = -5*l + 969, -3*l - 2*n + 966 = 2*l. Suppose x = 3*x - 48. Calculate the greatest common factor of l and x.
24
Let j be (-1)/(-3) - (-55)/33. Suppose -2*p + 8 = -j. Suppose 2 = p*g - 43. Calculate the highest common divisor of 1 and g.
1
Let s be 290/6 + 448/(-